{"id":11902,"date":"2024-05-07T07:41:32","date_gmt":"2024-05-07T07:41:32","guid":{"rendered":"https:\/\/2024en.heinrichschulte.de\/?page_id=11902"},"modified":"2024-05-07T19:00:40","modified_gmt":"2024-05-07T19:00:40","slug":"planungsdaten","status":"publish","type":"page","link":"https:\/\/2024en.heinrichschulte.de\/?page_id=11902","title":{"rendered":"Planungsdaten"},"content":{"rendered":"\t\t<div data-elementor-type=\"wp-page\" data-elementor-id=\"11902\" class=\"elementor elementor-11902\" data-elementor-post-type=\"page\">\n\t\t\t\t<div class=\"elementor-element elementor-element-0f0d328 e-flex e-con-boxed e-con e-parent\" data-id=\"0f0d328\" data-element_type=\"container\" data-settings=\"{&quot;background_background&quot;:&quot;slideshow&quot;,&quot;jet_parallax_layout_list&quot;:[],&quot;background_slideshow_gallery&quot;:[{&quot;id&quot;:12017,&quot;url&quot;:&quot;https:\\\/\\\/2024en.heinrichschulte.de\\\/wp-content\\\/uploads\\\/bilder\\\/bilder-planungsdaten\\\/2023_slider_planungsdaten_1440px.webp&quot;}],&quot;background_slideshow_loop&quot;:&quot;yes&quot;,&quot;background_slideshow_slide_duration&quot;:5000,&quot;background_slideshow_slide_transition&quot;:&quot;fade&quot;,&quot;background_slideshow_transition_duration&quot;:500}\">\n\t\t\t\t\t<div class=\"e-con-inner\">\n\t\t<div class=\"elementor-element elementor-element-c9d1cc3 e-flex e-con-boxed e-con e-child\" data-id=\"c9d1cc3\" data-element_type=\"container\" data-settings=\"{&quot;jet_parallax_layout_list&quot;:[]}\">\n\t\t\t\t\t<div class=\"e-con-inner\">\n\t\t\t\t<div class=\"elementor-element elementor-element-b98886c elementor-invisible elementor-widget elementor-widget-heading\" data-id=\"b98886c\" data-element_type=\"widget\" data-settings=\"{&quot;_animation&quot;:&quot;fadeInLeft&quot;,&quot;_animation_delay&quot;:100}\" data-widget_type=\"heading.default\">\n\t\t\t\t<div class=\"elementor-widget-container\">\n\t\t\t\t\t<h2 class=\"elementor-heading-title elementor-size-default\">Planungsdaten<\/h2>\t\t\t\t<\/div>\n\t\t\t\t<\/div>\n\t\t\t\t\t<\/div>\n\t\t\t\t<\/div>\n\t\t\t\t\t<\/div>\n\t\t\t\t<\/div>\n\t\t<div class=\"elementor-element elementor-element-79dc627 e-flex e-con-boxed e-con e-parent\" data-id=\"79dc627\" data-element_type=\"container\" data-settings=\"{&quot;jet_parallax_layout_list&quot;:[]}\">\n\t\t\t\t\t<div class=\"e-con-inner\">\n\t\t<div class=\"elementor-element elementor-element-f9d470d e-flex e-con-boxed e-con e-child\" data-id=\"f9d470d\" data-element_type=\"container\" data-settings=\"{&quot;jet_parallax_layout_list&quot;:[]}\">\n\t\t\t\t\t<div class=\"e-con-inner\">\n\t\t\t\t<div class=\"elementor-element elementor-element-483f05e elementor-widget elementor-widget-heading\" data-id=\"483f05e\" data-element_type=\"widget\" data-widget_type=\"heading.default\">\n\t\t\t\t<div class=\"elementor-widget-container\">\n\t\t\t\t\t<h2 class=\"elementor-heading-title elementor-size-default\">3D-Badplandaten<\/h2>\t\t\t\t<\/div>\n\t\t\t\t<\/div>\n\t\t\t\t<div class=\"elementor-element elementor-element-36085ca elementor-widget-divider--view-line elementor-widget elementor-widget-divider\" data-id=\"36085ca\" data-element_type=\"widget\" data-widget_type=\"divider.default\">\n\t\t\t\t<div class=\"elementor-widget-container\">\n\t\t\t\t\t\t\t<div class=\"elementor-divider\">\n\t\t\t<span class=\"elementor-divider-separator\">\n\t\t\t\t\t\t<\/span>\n\t\t<\/div>\n\t\t\t\t\t\t<\/div>\n\t\t\t\t<\/div>\n\t\t\t\t<div class=\"elementor-element elementor-element-7dd259f elementor-widget elementor-widget-image\" data-id=\"7dd259f\" data-element_type=\"widget\" data-widget_type=\"image.default\">\n\t\t\t\t<div class=\"elementor-widget-container\">\n\t\t\t\t\t\t\t\t\t\t\t\t\t\t\t\t<a href=\"https:\/\/www.argebp.building-masterdata.com\/fileadmin\/assets\/public\/viewer\/HS.html?1672912800911#portalKey=argebp.com\" target=\"_blank\">\n\t\t\t\t\t\t\t<img fetchpriority=\"high\" decoding=\"async\" width=\"500\" height=\"108\" src=\"https:\/\/2024en.heinrichschulte.de\/wp-content\/uploads\/bilder\/bilder-planungsdaten\/2022_logo_arge_500px-1.png\" class=\"attachment-large size-large wp-image-12004\" alt=\"\" srcset=\"https:\/\/2024en.heinrichschulte.de\/wp-content\/uploads\/bilder\/bilder-planungsdaten\/2022_logo_arge_500px-1.png 500w, https:\/\/2024en.heinrichschulte.de\/wp-content\/uploads\/bilder\/bilder-planungsdaten\/2022_logo_arge_500px-1-300x65.png 300w\" sizes=\"(max-width: 500px) 100vw, 500px\" \/>\t\t\t\t\t\t\t\t<\/a>\n\t\t\t\t\t\t\t\t\t\t\t\t\t\t\t<\/div>\n\t\t\t\t<\/div>\n\t\t\t\t<div class=\"elementor-element elementor-element-de49eea elementor-widget elementor-widget-text-editor\" data-id=\"de49eea\" data-element_type=\"widget\" data-widget_type=\"text-editor.default\">\n\t\t\t\t<div class=\"elementor-widget-container\">\n\t\t\t\t\t\t\t\t\t<p>Als Mitglied der ARGE stellen wir unsere heinrichschulte Produkte zur Badplanung nach den Richtlinien der ARGE Neue Medien kostenlos zur Verf\u00fcgung.<\/p>\t\t\t\t\t\t\t\t<\/div>\n\t\t\t\t<\/div>\n\t\t\t\t<div class=\"elementor-element elementor-element-aa31ddc elementor-widget elementor-widget-text-editor\" data-id=\"aa31ddc\" data-element_type=\"widget\" data-widget_type=\"text-editor.default\">\n\t\t\t\t<div class=\"elementor-widget-container\">\n\t\t\t\t\t\t\t\t\t<p>Unsere Daten werden automatisch in die Planungsprogramme der ARGE Partner \u00fcberspielt.\u00a0Ein Download oder Installation ist nicht notwendig.\u00a0<\/p>\t\t\t\t\t\t\t\t<\/div>\n\t\t\t\t<\/div>\n\t\t\t\t<div class=\"elementor-element elementor-element-d635621 elementor-widget elementor-widget-image\" data-id=\"d635621\" data-element_type=\"widget\" data-widget_type=\"image.default\">\n\t\t\t\t<div class=\"elementor-widget-container\">\n\t\t\t\t\t\t\t\t\t\t\t\t\t\t\t<img decoding=\"async\" width=\"768\" height=\"768\" src=\"https:\/\/2024en.heinrichschulte.de\/wp-content\/uploads\/bilder\/bilder-planungsdaten\/2023_59102-00010-badplanung_1000px-768x768.png\" class=\"attachment-medium_large size-medium_large wp-image-12006\" alt=\"\" srcset=\"https:\/\/2024en.heinrichschulte.de\/wp-content\/uploads\/bilder\/bilder-planungsdaten\/2023_59102-00010-badplanung_1000px-768x768.png 768w, https:\/\/2024en.heinrichschulte.de\/wp-content\/uploads\/bilder\/bilder-planungsdaten\/2023_59102-00010-badplanung_1000px-300x300.png 300w, https:\/\/2024en.heinrichschulte.de\/wp-content\/uploads\/bilder\/bilder-planungsdaten\/2023_59102-00010-badplanung_1000px-150x150.png 150w, https:\/\/2024en.heinrichschulte.de\/wp-content\/uploads\/bilder\/bilder-planungsdaten\/2023_59102-00010-badplanung_1000px-600x600.png 600w, https:\/\/2024en.heinrichschulte.de\/wp-content\/uploads\/bilder\/bilder-planungsdaten\/2023_59102-00010-badplanung_1000px-100x100.png 100w, https:\/\/2024en.heinrichschulte.de\/wp-content\/uploads\/bilder\/bilder-planungsdaten\/2023_59102-00010-badplanung_1000px.png 1000w\" sizes=\"(max-width: 768px) 100vw, 768px\" \/>\t\t\t\t\t\t\t\t\t\t\t\t\t\t\t<\/div>\n\t\t\t\t<\/div>\n\t\t\t\t<div class=\"elementor-element elementor-element-3e10365 elementor-align-center elementor-icon-list--layout-traditional elementor-list-item-link-full_width elementor-widget elementor-widget-icon-list\" data-id=\"3e10365\" data-element_type=\"widget\" data-widget_type=\"icon-list.default\">\n\t\t\t\t<div class=\"elementor-widget-container\">\n\t\t\t\t\t\t\t<ul class=\"elementor-icon-list-items\">\n\t\t\t\t\t\t\t<li class=\"elementor-icon-list-item\">\n\t\t\t\t\t\t\t\t\t\t\t<a href=\"https:\/\/www.argebp.building-masterdata.com\/fileadmin\/assets\/public\/viewer\/HS.html?1672912800911#portalKey=argebp.com\" target=\"_blank\">\n\n\t\t\t\t\t\t\t\t\t\t\t\t<span class=\"elementor-icon-list-icon\">\n\t\t\t\t\t\t\t<svg aria-hidden=\"true\" class=\"e-font-icon-svg e-fas-angle-double-right\" viewBox=\"0 0 448 512\" xmlns=\"http:\/\/www.w3.org\/2000\/svg\"><path d=\"M224.3 273l-136 136c-9.4 9.4-24.6 9.4-33.9 0l-22.6-22.6c-9.4-9.4-9.4-24.6 0-33.9l96.4-96.4-96.4-96.4c-9.4-9.4-9.4-24.6 0-33.9L54.3 103c9.4-9.4 24.6-9.4 33.9 0l136 136c9.5 9.4 9.5 24.6.1 34zm192-34l-136-136c-9.4-9.4-24.6-9.4-33.9 0l-22.6 22.6c-9.4 9.4-9.4 24.6 0 33.9l96.4 96.4-96.4 96.4c-9.4 9.4-9.4 24.6 0 33.9l22.6 22.6c9.4 9.4 24.6 9.4 33.9 0l136-136c9.4-9.2 9.4-24.4 0-33.8z\"><\/path><\/svg>\t\t\t\t\t\t<\/span>\n\t\t\t\t\t\t\t\t\t\t<span class=\"elementor-icon-list-text\">Badplandaten<\/span>\n\t\t\t\t\t\t\t\t\t\t\t<\/a>\n\t\t\t\t\t\t\t\t\t<\/li>\n\t\t\t\t\t\t<\/ul>\n\t\t\t\t\t\t<\/div>\n\t\t\t\t<\/div>\n\t\t\t\t\t<\/div>\n\t\t\t\t<\/div>\n\t\t<div class=\"elementor-element elementor-element-141d130 e-flex e-con-boxed e-con e-child\" data-id=\"141d130\" data-element_type=\"container\" data-settings=\"{&quot;jet_parallax_layout_list&quot;:[]}\">\n\t\t\t\t\t<div class=\"e-con-inner\">\n\t\t\t\t<div class=\"elementor-element elementor-element-be80f00 elementor-widget elementor-widget-heading\" data-id=\"be80f00\" data-element_type=\"widget\" data-widget_type=\"heading.default\">\n\t\t\t\t<div class=\"elementor-widget-container\">\n\t\t\t\t\t<h2 class=\"elementor-heading-title elementor-size-default\">Ausschreibungstexte<\/h2>\t\t\t\t<\/div>\n\t\t\t\t<\/div>\n\t\t\t\t<div class=\"elementor-element elementor-element-c4cea6d elementor-widget-divider--view-line elementor-widget elementor-widget-divider\" data-id=\"c4cea6d\" data-element_type=\"widget\" data-widget_type=\"divider.default\">\n\t\t\t\t<div class=\"elementor-widget-container\">\n\t\t\t\t\t\t\t<div class=\"elementor-divider\">\n\t\t\t<span class=\"elementor-divider-separator\">\n\t\t\t\t\t\t<\/span>\n\t\t<\/div>\n\t\t\t\t\t\t<\/div>\n\t\t\t\t<\/div>\n\t\t\t\t<div class=\"elementor-element elementor-element-5226e05 elementor-widget elementor-widget-image\" data-id=\"5226e05\" data-element_type=\"widget\" data-widget_type=\"image.default\">\n\t\t\t\t<div class=\"elementor-widget-container\">\n\t\t\t\t\t\t\t\t\t\t\t\t\t\t\t\t<a href=\"https:\/\/ausschreiben.de\/catalog\/heinrich_schulte\" target=\"_blank\">\n\t\t\t\t\t\t\t<img decoding=\"async\" width=\"500\" height=\"108\" src=\"https:\/\/2024en.heinrichschulte.de\/wp-content\/uploads\/bilder\/bilder-planungsdaten\/2022_logo_ausschreiben-de_500px-1.png\" class=\"attachment-large size-large wp-image-12005\" alt=\"\" srcset=\"https:\/\/2024en.heinrichschulte.de\/wp-content\/uploads\/bilder\/bilder-planungsdaten\/2022_logo_ausschreiben-de_500px-1.png 500w, https:\/\/2024en.heinrichschulte.de\/wp-content\/uploads\/bilder\/bilder-planungsdaten\/2022_logo_ausschreiben-de_500px-1-300x65.png 300w\" sizes=\"(max-width: 500px) 100vw, 500px\" \/>\t\t\t\t\t\t\t\t<\/a>\n\t\t\t\t\t\t\t\t\t\t\t\t\t\t\t<\/div>\n\t\t\t\t<\/div>\n\t\t\t\t<div class=\"elementor-element elementor-element-6e8cf1f elementor-widget elementor-widget-text-editor\" data-id=\"6e8cf1f\" data-element_type=\"widget\" data-widget_type=\"text-editor.default\">\n\t\t\t\t<div class=\"elementor-widget-container\">\n\t\t\t\t\t\t\t\t\t<p>AUSSCHREIBEN.de ist in Fachkreisen der Baubranche eine wichtige Bezugsquelle f\u00fcr Ausschreibungstexte. Architekten, Bauingenieure und Planer finden im Bauportal kostenlose Ausschreibungstexte zu den heinrichschulte Produkten.<\/p><p>Ausschreibungstexte f\u00fcr heinrichschulte Produkte k\u00f6nnen \u00fcber die Plattform zusammengestellt und in neun Datenformaten zum Import in ein Leistungsverzeichnis-Programm exportiert werden.<\/p>\t\t\t\t\t\t\t\t<\/div>\n\t\t\t\t<\/div>\n\t\t\t\t<div class=\"elementor-element elementor-element-e9d7488 elementor-widget elementor-widget-image\" data-id=\"e9d7488\" data-element_type=\"widget\" data-widget_type=\"image.default\">\n\t\t\t\t<div class=\"elementor-widget-container\">\n\t\t\t\t\t\t\t\t\t\t\t\t\t\t\t<img loading=\"lazy\" decoding=\"async\" width=\"500\" height=\"500\" src=\"https:\/\/2024en.heinrichschulte.de\/wp-content\/uploads\/bilder\/bilder-planungsdaten\/verzeichnisduenn.png\" class=\"attachment-medium_large size-medium_large wp-image-12010\" alt=\"\" srcset=\"https:\/\/2024en.heinrichschulte.de\/wp-content\/uploads\/bilder\/bilder-planungsdaten\/verzeichnisduenn.png 500w, https:\/\/2024en.heinrichschulte.de\/wp-content\/uploads\/bilder\/bilder-planungsdaten\/verzeichnisduenn-300x300.png 300w, https:\/\/2024en.heinrichschulte.de\/wp-content\/uploads\/bilder\/bilder-planungsdaten\/verzeichnisduenn-150x150.png 150w, https:\/\/2024en.heinrichschulte.de\/wp-content\/uploads\/bilder\/bilder-planungsdaten\/verzeichnisduenn-100x100.png 100w\" sizes=\"(max-width: 500px) 100vw, 500px\" \/>\t\t\t\t\t\t\t\t\t\t\t\t\t\t\t<\/div>\n\t\t\t\t<\/div>\n\t\t\t\t<div class=\"elementor-element elementor-element-af84710 elementor-align-center elementor-icon-list--layout-traditional elementor-list-item-link-full_width elementor-widget elementor-widget-icon-list\" data-id=\"af84710\" data-element_type=\"widget\" data-widget_type=\"icon-list.default\">\n\t\t\t\t<div class=\"elementor-widget-container\">\n\t\t\t\t\t\t\t<ul class=\"elementor-icon-list-items\">\n\t\t\t\t\t\t\t<li class=\"elementor-icon-list-item\">\n\t\t\t\t\t\t\t\t\t\t\t<a href=\"https:\/\/ausschreiben.de\/catalog\/heinrich_schulte\" target=\"_blank\">\n\n\t\t\t\t\t\t\t\t\t\t\t\t<span class=\"elementor-icon-list-icon\">\n\t\t\t\t\t\t\t<svg aria-hidden=\"true\" class=\"e-font-icon-svg e-fas-angle-double-right\" viewBox=\"0 0 448 512\" xmlns=\"http:\/\/www.w3.org\/2000\/svg\"><path d=\"M224.3 273l-136 136c-9.4 9.4-24.6 9.4-33.9 0l-22.6-22.6c-9.4-9.4-9.4-24.6 0-33.9l96.4-96.4-96.4-96.4c-9.4-9.4-9.4-24.6 0-33.9L54.3 103c9.4-9.4 24.6-9.4 33.9 0l136 136c9.5 9.4 9.5 24.6.1 34zm192-34l-136-136c-9.4-9.4-24.6-9.4-33.9 0l-22.6 22.6c-9.4 9.4-9.4 24.6 0 33.9l96.4 96.4-96.4 96.4c-9.4 9.4-9.4 24.6 0 33.9l22.6 22.6c9.4 9.4 24.6 9.4 33.9 0l136-136c9.4-9.2 9.4-24.4 0-33.8z\"><\/path><\/svg>\t\t\t\t\t\t<\/span>\n\t\t\t\t\t\t\t\t\t\t<span class=\"elementor-icon-list-text\">Ausschreibungstexte<\/span>\n\t\t\t\t\t\t\t\t\t\t\t<\/a>\n\t\t\t\t\t\t\t\t\t<\/li>\n\t\t\t\t\t\t<\/ul>\n\t\t\t\t\t\t<\/div>\n\t\t\t\t<\/div>\n\t\t\t\t\t<\/div>\n\t\t\t\t<\/div>\n\t\t\t\t\t<\/div>\n\t\t\t\t<\/div>\n\t\t<div class=\"elementor-element elementor-element-8303789 e-flex e-con-boxed e-con e-child\" data-id=\"8303789\" data-element_type=\"container\" data-settings=\"{&quot;jet_parallax_layout_list&quot;:[]}\">\n\t\t\t\t\t<div class=\"e-con-inner\">\n\t\t\t\t<div class=\"elementor-element elementor-element-eaee2c8 elementor-widget elementor-widget-heading\" data-id=\"eaee2c8\" data-element_type=\"widget\" data-widget_type=\"heading.default\">\n\t\t\t\t<div class=\"elementor-widget-container\">\n\t\t\t\t\t<h2 class=\"elementor-heading-title elementor-size-default\">BIM-Daten<\/h2>\t\t\t\t<\/div>\n\t\t\t\t<\/div>\n\t\t\t\t<div class=\"elementor-element elementor-element-a371999 elementor-widget-divider--view-line elementor-widget elementor-widget-divider\" data-id=\"a371999\" data-element_type=\"widget\" data-widget_type=\"divider.default\">\n\t\t\t\t<div class=\"elementor-widget-container\">\n\t\t\t\t\t\t\t<div class=\"elementor-divider\">\n\t\t\t<span class=\"elementor-divider-separator\">\n\t\t\t\t\t\t<\/span>\n\t\t<\/div>\n\t\t\t\t\t\t<\/div>\n\t\t\t\t<\/div>\n\t\t<div class=\"elementor-element elementor-element-1dea7a6 e-flex e-con-boxed e-con e-child\" data-id=\"1dea7a6\" data-element_type=\"container\" data-settings=\"{&quot;jet_parallax_layout_list&quot;:[]}\">\n\t\t\t\t\t<div class=\"e-con-inner\">\n\t\t<div class=\"elementor-element elementor-element-3d32160 e-con-full e-flex e-con e-child\" data-id=\"3d32160\" data-element_type=\"container\" data-settings=\"{&quot;jet_parallax_layout_list&quot;:[]}\">\n\t\t\t\t<div class=\"elementor-element elementor-element-87d0759 elementor-widget elementor-widget-image\" data-id=\"87d0759\" data-element_type=\"widget\" data-widget_type=\"image.default\">\n\t\t\t\t<div class=\"elementor-widget-container\">\n\t\t\t\t\t\t\t\t\t\t\t\t\t\t\t\t<a href=\"https:\/\/heinrichschulte.partcommunity.com\/3d-cad-models\/heinrich-schulte?info=heinrichschulte&#038;cwid=6458\" target=\"_blank\">\n\t\t\t\t\t\t\t<img loading=\"lazy\" decoding=\"async\" width=\"800\" height=\"271\" src=\"https:\/\/2024en.heinrichschulte.de\/wp-content\/uploads\/bilder\/bilder-planungsdaten\/2020_cadenas_logo_rgb-1-1024x347.png\" class=\"attachment-large size-large wp-image-12003\" alt=\"\" srcset=\"https:\/\/2024en.heinrichschulte.de\/wp-content\/uploads\/bilder\/bilder-planungsdaten\/2020_cadenas_logo_rgb-1-1024x347.png 1024w, https:\/\/2024en.heinrichschulte.de\/wp-content\/uploads\/bilder\/bilder-planungsdaten\/2020_cadenas_logo_rgb-1-300x102.png 300w, https:\/\/2024en.heinrichschulte.de\/wp-content\/uploads\/bilder\/bilder-planungsdaten\/2020_cadenas_logo_rgb-1-768x260.png 768w, https:\/\/2024en.heinrichschulte.de\/wp-content\/uploads\/bilder\/bilder-planungsdaten\/2020_cadenas_logo_rgb-1-1536x521.png 1536w, https:\/\/2024en.heinrichschulte.de\/wp-content\/uploads\/bilder\/bilder-planungsdaten\/2020_cadenas_logo_rgb-1-600x203.png 600w, https:\/\/2024en.heinrichschulte.de\/wp-content\/uploads\/bilder\/bilder-planungsdaten\/2020_cadenas_logo_rgb-1.png 2000w\" sizes=\"(max-width: 800px) 100vw, 800px\" \/>\t\t\t\t\t\t\t\t<\/a>\n\t\t\t\t\t\t\t\t\t\t\t\t\t\t\t<\/div>\n\t\t\t\t<\/div>\n\t\t\t\t<div class=\"elementor-element elementor-element-971e9ac elementor-widget elementor-widget-image\" data-id=\"971e9ac\" data-element_type=\"widget\" data-widget_type=\"image.default\">\n\t\t\t\t<div class=\"elementor-widget-container\">\n\t\t\t\t\t\t\t\t\t\t\t\t\t\t\t<img loading=\"lazy\" decoding=\"async\" width=\"500\" height=\"500\" src=\"https:\/\/2024en.heinrichschulte.de\/wp-content\/uploads\/bilder\/bilder-planungsdaten\/iconbim.png\" class=\"attachment-medium_large size-medium_large wp-image-12008\" alt=\"\" srcset=\"https:\/\/2024en.heinrichschulte.de\/wp-content\/uploads\/bilder\/bilder-planungsdaten\/iconbim.png 500w, https:\/\/2024en.heinrichschulte.de\/wp-content\/uploads\/bilder\/bilder-planungsdaten\/iconbim-300x300.png 300w, https:\/\/2024en.heinrichschulte.de\/wp-content\/uploads\/bilder\/bilder-planungsdaten\/iconbim-150x150.png 150w, https:\/\/2024en.heinrichschulte.de\/wp-content\/uploads\/bilder\/bilder-planungsdaten\/iconbim-100x100.png 100w\" sizes=\"(max-width: 500px) 100vw, 500px\" \/>\t\t\t\t\t\t\t\t\t\t\t\t\t\t\t<\/div>\n\t\t\t\t<\/div>\n\t\t\t\t<div class=\"elementor-element elementor-element-da26aaf elementor-align-center elementor-icon-list--layout-traditional elementor-list-item-link-full_width elementor-widget elementor-widget-icon-list\" data-id=\"da26aaf\" data-element_type=\"widget\" data-widget_type=\"icon-list.default\">\n\t\t\t\t<div class=\"elementor-widget-container\">\n\t\t\t\t\t\t\t<ul class=\"elementor-icon-list-items\">\n\t\t\t\t\t\t\t<li class=\"elementor-icon-list-item\">\n\t\t\t\t\t\t\t\t\t\t\t<a href=\"https:\/\/heinrichschulte.partcommunity.com\/3d-cad-models\/heinrich-schulte?info=heinrichschulte&#038;cwid=6458\" target=\"_blank\">\n\n\t\t\t\t\t\t\t\t\t\t\t\t<span class=\"elementor-icon-list-icon\">\n\t\t\t\t\t\t\t<svg aria-hidden=\"true\" class=\"e-font-icon-svg e-fas-angle-double-right\" viewBox=\"0 0 448 512\" xmlns=\"http:\/\/www.w3.org\/2000\/svg\"><path d=\"M224.3 273l-136 136c-9.4 9.4-24.6 9.4-33.9 0l-22.6-22.6c-9.4-9.4-9.4-24.6 0-33.9l96.4-96.4-96.4-96.4c-9.4-9.4-9.4-24.6 0-33.9L54.3 103c9.4-9.4 24.6-9.4 33.9 0l136 136c9.5 9.4 9.5 24.6.1 34zm192-34l-136-136c-9.4-9.4-24.6-9.4-33.9 0l-22.6 22.6c-9.4 9.4-9.4 24.6 0 33.9l96.4 96.4-96.4 96.4c-9.4 9.4-9.4 24.6 0 33.9l22.6 22.6c9.4 9.4 24.6 9.4 33.9 0l136-136c9.4-9.2 9.4-24.4 0-33.8z\"><\/path><\/svg>\t\t\t\t\t\t<\/span>\n\t\t\t\t\t\t\t\t\t\t<span class=\"elementor-icon-list-text\">BIM-Daten<\/span>\n\t\t\t\t\t\t\t\t\t\t\t<\/a>\n\t\t\t\t\t\t\t\t\t<\/li>\n\t\t\t\t\t\t<\/ul>\n\t\t\t\t\t\t<\/div>\n\t\t\t\t<\/div>\n\t\t\t\t<\/div>\n\t\t<div class=\"elementor-element elementor-element-de77bdc e-con-full e-flex e-con e-child\" data-id=\"de77bdc\" data-element_type=\"container\" data-settings=\"{&quot;jet_parallax_layout_list&quot;:[]}\">\n\t\t\t\t<div class=\"elementor-element elementor-element-c6ceb3c elementor-widget elementor-widget-text-editor\" data-id=\"c6ceb3c\" data-element_type=\"widget\" data-widget_type=\"text-editor.default\">\n\t\t\t\t<div class=\"elementor-widget-container\">\n\t\t\t\t\t\t\t\t\t<p>BIM (Building Information Modeling) liefert neue L\u00f6sungsans\u00e4tze f\u00fcr das Planen und Realisieren von Bauvorhaben sowie das Betreiben von Geb\u00e4uden. BIM bietet die M\u00f6glichkeit, Projekte \u00fcber alle beteiligten Gewerke und den gesamten Lebenszyklus eines Bauwerks hinweg digital zu steuern und abzuwickeln. Die Zusammenarbeit zwischen Fachplanern, Projektsteuerern, Investoren und anderen Beteiligten wird optimiert, der Gesamtablauf schlanker und transparenter.\u00a0<\/p><p>Im heinrichschulte BIM-Portal von CADENAS stellen wir Ihnen BIM-f\u00e4hige Daten in \u00fcber 30 CAD-Formaten (z.B. Autdesk Revit, Autocad, Allplan, ArchiCAD etc.) inklusive der relevanten Produktattribute\u00a0zum Download bereit.<\/p>\t\t\t\t\t\t\t\t<\/div>\n\t\t\t\t<\/div>\n\t\t\t\t<\/div>\n\t\t\t\t\t<\/div>\n\t\t\t\t<\/div>\n\t\t\t\t\t<\/div>\n\t\t\t\t<\/div>\n\t\t\t\t<\/div>\n\t\t","protected":false},"excerpt":{"rendered":"<p>Als Mitglied der ARGE stellen wir unsere heinrichschulte Produkte zur Badplanung nach den Richtlinien der ARGE Neue Medien kostenlos zur Verf\u00fcgung.<\/p>\n","protected":false},"author":1,"featured_media":0,"parent":0,"menu_order":0,"comment_status":"closed","ping_status":"closed","template":"","meta":{"footnotes":""},"class_list":["post-11902","page","type-page","status-publish","hentry"],"aioseo_notices":[],"_links":{"self":[{"href":"https:\/\/2024en.heinrichschulte.de\/index.php?rest_route=\/wp\/v2\/pages\/11902","targetHints":{"allow":["GET"]}}],"collection":[{"href":"https:\/\/2024en.heinrichschulte.de\/index.php?rest_route=\/wp\/v2\/pages"}],"about":[{"href":"https:\/\/2024en.heinrichschulte.de\/index.php?rest_route=\/wp\/v2\/types\/page"}],"author":[{"embeddable":true,"href":"https:\/\/2024en.heinrichschulte.de\/index.php?rest_route=\/wp\/v2\/users\/1"}],"replies":[{"embeddable":true,"href":"https:\/\/2024en.heinrichschulte.de\/index.php?rest_route=%2Fwp%2Fv2%2Fcomments&post=11902"}],"version-history":[{"count":16,"href":"https:\/\/2024en.heinrichschulte.de\/index.php?rest_route=\/wp\/v2\/pages\/11902\/revisions"}],"predecessor-version":[{"id":12026,"href":"https:\/\/2024en.heinrichschulte.de\/index.php?rest_route=\/wp\/v2\/pages\/11902\/revisions\/12026"}],"wp:attachment":[{"href":"https:\/\/2024en.heinrichschulte.de\/index.php?rest_route=%2Fwp%2Fv2%2Fmedia&parent=11902"}],"curies":[{"name":"wp","href":"https:\/\/api.w.org\/{rel}","templated":true}]}}